t is l(-25)?
2
Let c(x) = x**3 - 15*x**2 + 24*x - 38. Determine c(13).
-64
Let a(t) = 84*t + 1117. Calculate a(-15).
-143
Let q(z) = -12*z - 970. Give q(-83).
26
Let l(w) = 282*w**2 + 5. Give l(0).
5
Let b(v) = v**2 + 127*v + 2587. What is b(-105)?
277
Let s(v) = 4*v**3 + 49*v**2 - 54*v - 203. Determine s(-13).
-8
Let u(p) = 2*p - 189. Give u(87).
-15
Let q(o) = -2*o**3 + 10*o**2 + 3*o - 7. Determine q(6).
-61
Let p(w) = 7*w**3 - 2*w**2 + 22*w - 20. Calculate p(1).
7
Let z(d) = 2*d**3 + 102*d**2 - d - 77. Give z(-51).
-26
Let r(t) = -t**2 + 81*t - 826. Determine r(69).
2
Let b(q) = 29*q - 345. Give b(8).
-113
Let j(l) = 7*l - 89. Determine j(13).
2
Let f(j) = -60*j + 309. Calculate f(8).
-171
Let n(u) = 152*u - 522. What is n(4)?
86
Let m(s) = -30*s - 657. Calculate m(-27).
153
Let j(b) = -3*b**3 - 139*b**2 - 47*b + 5. Give j(-46).
51
Let o(a) = -22*a**3 - 2*a**2 - 1. Calculate o(-2).
167
Let b(x) = -336*x + 34270. Determine b(102).
-2
Let a(p) = 2*p**2 + 231*p - 930. Determine a(4).
26
Let p(d) = 2*d**3 + 18*d**2 - 4*d - 85. Calculate p(-8).
75
Let b(k) = 80*k - 4862. Give b(61).
18
Let f(a) = -a**3 - 10*a**2 - 13*a + 11. Determine f(-10).
141
Let y(p) = -8*p**2 + 70*p + 696. What is y(-6)?
-12
Let w(p) = 6*p**3 - 13*p**2 - 29*p + 15. Give w(-3).
-177
Let l(c) = -122*c - 520. Calculate l(-4).
-32
Let s(b) = 23*b + 550. Determine s(-26).
-48
Let o(n) = -44*n**2 + 2*n. Calculate o(1).
-42
Let m(c) = c**2 + 46*c - 246. Determine m(-51).
9
Let t(q) = 7*q**2 + 33*q + 13. Calculate t(-4).
-7
Let n(b) = -20*b**2 - 759*b + 20. Give n(-38).
-18
Let u(a) = -33*a + 113. Give u(8).
-151
Let y(j) = -j**3 + 6*j**2 + 3*j - 19. What is y(6)?
-1
Let b(t) = -t**3 + 4*t**2 + 6*t - 4. Calculate b(7).
-109
Let l(g) = -g**3 + 20*g**2 + 16*g + 250. Determine l(21).
145
Let h(r) = -r**2 - 1531*r - 18233. Calculate h(-12).
-5
Let j(z) = 2*z**3 + 102*z**2 + 288*z - 10. Determine j(-48).
-10
Let o(m) = 57*m + 186. Give o(-2).
72
Let x(o) = -o**3 + 59*o**2 + 74*o - 1027. Determine x(60).
-187
Let p(r) = -10*r**2 - 8*r - 6. Give p(-5).
-216
Let f(a) = 10*a + 143. Give f(-17).
-27
Let s(p) = p**3 + 41*p**2 + 110*p + 62. Give s(-38).
214
Let t(c) = 8*c**3 - 15*c**2 + 22*c + 28. Give t(5).
763
Let h(m) = -11*m**2 - 46*m - 33. Calculate h(-3).
6
Let p(s) = 105*s**2 + 1183*s - 924. Give p(-12).
0
Let x(t) = -249*t**2 - 22*t + 21. Calculate x(1).
-250
Let u(i) = -2*i**2 - 74*i - 308. Calculate u(-5).
12
Let v(q) = 34*q**3 + 206*q**2 + 21*q + 61. Determine v(-6).
7
Let b(v) = -v**2 - 19*v - 216. Determine b(-12).
-132
Let t(v) = -734*v - 21335. Give t(-29).
-49
Let g(v) = 2*v**2 + 224*v - 1167. Give g(-117).
3
Let q(v) = 86*v + 5802. Give q(-67).
40
Let r(o) = -2*o**2 + 2*o + 89. What is r(0)?
89
Let l(m) = 4141*m - 33121. Give l(8).
7
Let w(b) = -372*b - 1083. Determine w(-3).
33
Let f(v) = 209*v + 7086. Calculate f(-34).
-20
Let p(x) = 2*x**3 + 3*x**2 - 434*x + 846. Determine p(2).
6
Let p(x) = 342*x - 10170. Calculate p(30).
90
Let t(o) = -o**3 + 13*o**2 - 41*o + 57. Calculate t(6).
63
Let m(r) = 2*r**2 + 13*r - 349. Give m(-17).
8
Let y(f) = 3*f**3 - 10*f**2 - 5*f + 26. Calculate y(3).
2
Let o(c) = -c**2 + 371*c + 28802. What is o(-66)?
-40
Let l(u) = -17*u**2 + 1192*u - 144. Determine l(70).
-4
Let r(b) = -80*b**2 - 718*b + 10. Give r(-9).
-8
Let u(t) = -87*t - 655. Give u(-8).
41
Let i(o) = o**3 - 37*o**2 + 6*o + 1079. Determine i(36).
-1
Let d(t) = -156*t - 1099. What is d(-7)?
-7
Let x(n) = n + 104. Give x(-69).
35
Let u(s) = s**3 + 19*s**2 + 5*s - 176. Calculate u(-18).
58
Let p(f) = f**2 + 4774*f + 19070. Give p(-4).
-10
Let w(y) = -220*y - 12389. Give w(-56).
-69
Let v(g) = -12*g**2 - 52*g - 9. Give v(-4).
7
Let l(i) = 60*i - 363. Calculate l(6).
-3
Let o(y) = y**2 + 71*y + 690. Give o(-10).
80
Let u(a) = -6*a**3 - 42*a**2 - 33*a + 4. Give u(-6).
-14
Let r(i) = i**3 + 16*i**2 + 65*i + 24. Calculate r(-14).
-494
Let g(s) = s**3 + 8*s**2 - 16*s + 2. What is g(-11)?
-185
Let f(o) = 2*o**3 - 25*o**2 + 35*o - 16. Calculate f(11).
6
Let v(t) = -4*t**3 - 10*t**2 + 30*t + 15. Give v(-6).
339
Let d(x) = -32*x - 1643. What is d(-52)?
21
Let m(r) = 6024*r + 54211. What is m(-9)?
-5
Let g(m) = -m**3 - 12*m**2 - 15*m + 98. Calculate g(-5).
-2
Let v(s) = -s**3 + 39*s**2 + 809*s - 15. Determine v(-15).
0
Let t(n) = n**3 - 4*n**2 + 10*n - 27. Calculate t(5).
48
Let u(n) = -6*n + 572. Calculate u(96).
-4
Let j(i) = 2*i**3 - 33*i**2 - 21*i + 317. Calculate j(16).
-275
Let n(m) = m**2 - 59*m - 9. Give n(0).
-9
Let w(g) = 113*g + 426. What is w(-3)?
87
Let o(q) = -2*q**3 + 44*q**2 - q - 878. Calculate o(21).
-17
Let d(r) = -r**3 - 26*r**2 + 177*r + 6. What is d(6)?
-84
Let d(w) = w**3 + 12*w**2 - 70*w - 34. What is d(-17)?
-289
Let i(d) = d**3 - 16*d**2 + 204*d - 4324. Give i(18).
-4
Let t(r) = r**3 + 30*r**2 + 193*r + 94. What is t(-21)?
10
Let x(m) = 271*m + 6387. Calculate x(-23).
154
Let x(u) = u**2 - 18*u + 156. Determine x(6).
84
Let p(z) = 2*z**3 - 20*z**2 + 22*z - 199. Determine p(10).
21
Let a(d) = 35*d - 1601. What is a(46)?
9
Let y(u) = -3*u**3 + 22*u**2 - 25*u + 111. Determine y(7).
-15
Let b(i) = -i**3 - 55*i**2 + 131*i + 940. Determine b(-57).
-29
Let c(m) = -74*m**3 + 3*m**2 - 4*m. Calculate c(1).
-75
Let w(x) = 29*x - 401. Give w(21).
208
Let a(j) = -2*j**3 - 15*j**2 + 120. Give a(-7).
71
Let i(t) = 2078*t + 10386. Determine i(-5).
-4
Let t(o) = 23*o**3 + 3*o**2 + 7*o + 7. What is t(-2)?
-179
Let x(p) = 2681*p - 8088. Give x(3).
-45
Let d(p) = -14*p + 129. What is d(7)?
31
Let b(q) = -7*q**3 + 20*q**2 + 7*q. Determine b(3).
12
Let w(b) = b**3 - 7*b**2 - 36*b - 72. What is w(-6)?
-324
Let i(y) = y**2 - 8*y + 40. Determine i(4).
24
Let c(v) = 4848*v + 48501. Calculate c(-10).
21
Let f(k) = -252*k + 481. Determine f(2).
-23
Let c(y) = 6*y**3 + 281*y**2 - 43*y + 177. Determine c(-47).
-11
Let x(m) = 2*m**2 - 47*m + 220. What is x(17)?
-1
Let k(y) = 77*y - 150. Calculate k(2).
4
Let u(z) = 139*z**2 - 1661*z - 87. Give u(12).
-3
Let y(v) = 2*v**2 - 51*v - 1631. Determine y(44).
-3
Let f(h) = 2*h**2 - 51*h + 226. What is f(6)?
-8
Let i(h) = -h**2 + 55*h + 160. What is i(-3)?
-14
Let d(l) = 59*l - 1415. What is d(24)?
1
Let b(k) = -k**2 - 823*k + 18599. What is b(22)?
9
Let y(w) = -2*w**2 - 225*w - 975. Calculate y(-108).
-3
Let i(s) = -s**2 - 14*s + 390. Calculate i(14).
-2
Let q(a) = -3*a**3 - 279*a**2 + 283*a + 102. Determine q(-94).
8
Let g(a) = -3*a**3 + a**2 - 2*a - 20. Calculate g(0).
-20
Let b(j) = j**3 - 6*j**2 - 35*j + 68. What is b(9)?
-4
Let j(i) = -118*i - 455. Determine j(-4).
17
Let b(w) = w**2 + 560*w + 2780. Calculate b(-5).
5
Let b(m) = 4*m**3 + 33*m**2 - 90*m + 39. Give b(2).
23
Let d(i) = 2*i**2 + 96*i + 403. What is d(-43)?
-27
Let z(d) = -d**2 + d + 119. Determine z(0).
119
Let c(t) = t**2 + 7*t - 16. Give c(-9).
2
Let y(q) = -8*q + 176. Give y(11).
88
Let l(f) = -771*f + 5400. What is l(7)?
3
Let b(r) = 3*r + 102. Determine b(-18).
48
Let z(r) = r**2 + 168*r + 337. Calculate z(-2).
5
Let w(n) = 99*n - 5156. Give w(52).
-8
Let t(r) = -r**3 + 12*r**2 + 4*r - 52. Give t(12).
-4
Let l(n) = 88*n + 916. Calculate l(-10).
36
Let w(l) = -461*l**2 + 1388*l - 44. What is w(3)?
-29
Let u(j) = -906*j + 64325. Give u(71).
-1
Let d(f) = 51*f**2 - 457*f - 5. Determine d(9).
13
Let b(s) = -65*s**2 + 2*s + 126. Determine b(0).
126
Let h(c) = 41*c + 785. What is h(-19)?
6
Let b(r) = -118*r + 1311. Give b(11).
13
Let h(w) = w**3 - 36*w**2 + 67*w - 34. Calculate h(34).
-68
Let w(u) = -4*u + 379. Give w(48).
187
Let y(f) = 27*f**3 - 237*f**2 - 54*f - 19. What is y(9)?
-19
Let r(v) = -2*v**2 - 3*v - 212. What is r(0)?
-212
Let v(l) = 8*l**2 - 16*l - 184. Determine v(-4).
8
Let g(n) = 253*n + 740. Calculate g(-3).
-19
Let x(p) = -303*p + 1186. Give x(4).
-26
Let x(h) = h**3 - 3*h**2 - 50*h - 13. Give x(7).
-167
Let j(c) = c**3 + 31*c**2 - 103*c - 43. Give j(-34).
-9
Let f(d) = -d**2 - 347*d + 12564. What is f(33)?
24
Let m(o) = -22*o - 497. Calculate m(-33).
229
Let b(m) = 114*m**2 - 2138*m - 531. Give b(19).
1
Let m(i) = -5*i**2 + 23*i + 116. Calculate m(-5).
-124
Let k(s) = -3*s**2 + 275*s + 1670. Calculate k(-6).
-88
Let q(k) = k**3 - 36*k**2 + 15*k - 82. Determine q(35).
-782
Let s(q) = 105*q + 19074. What is s(-181)?
69
Let w(f) = -83*f + 1117. Determine w(14).
-45
Let